{"id":4428,"date":"2025-11-04T15:08:10","date_gmt":"2025-11-04T21:08:10","guid":{"rendered":"https:\/\/municiudadvieja.gob.gt\/laip\/?page_id=4428"},"modified":"2026-03-02T12:02:32","modified_gmt":"2026-03-02T18:02:32","slug":"28-pertenencia-socio-linguistica-comude","status":"publish","type":"page","link":"https:\/\/municiudadvieja.gob.gt\/laip\/28-pertenencia-socio-linguistica-comude\/","title":{"rendered":"28. PERTENENCIA SOCIO LING\u00dc\u00cdSTICA COMUDE"},"content":{"rendered":"\n\n\n<h1 style=\"text-align: center; background-color: rgb(80, 83, 188);\"><span style=\"font-weight: bolder; color: rgb(255, 255, 255);\">INFORMACI\u00d3N P\u00daBLICA COMUDE CIUDAD VIEJA, SACATEP\u00c9QUEZ<\/span><\/h1>\n\n\n\n\n<h2 style=\"color: rgb(255, 255, 255);\">Pertenencia Socioling\u00fc\u00edstica&nbsp;<\/h2>\n\n\n\n\n\n\n\n\n\n\n\n\n<iframe loading=\"lazy\" src=\"https:\/\/drive.google.com\/file\/d\/1YkRKVh80S_1U6put3PIv9x6vZBW1rQwZ\/preview\" width=\"640\" height=\"480\"><\/iframe>\n\n\n\n\n\n\n<iframe loading=\"lazy\" src=\"https:\/\/drive.google.com\/file\/d\/1URqvVLSDqr6zhcvZxVz4zsruZhBFmUtm\/preview\" width=\"640\" height=\"480\"><\/iframe>\n\n\n\n\n\n\n\n\n\n\n\n\n\n\n<iframe loading=\"lazy\" src=\"https:\/\/drive.google.com\/file\/d\/1z5KI7L7hIj-3lhxjj1clEDuIEKMLrGd3\/preview\" width=\"640\" height=\"480\" allow=\"autoplay\"><\/iframe>\n\n\n\n\n\n\n<iframe loading=\"lazy\" src=\"https:\/\/drive.google.com\/file\/d\/15o4zDdBEF_vUttRUHdaPzyrRl9s-89v9\/preview\" width=\"640\" height=\"480\" allow=\"autoplay\"><\/iframe>\n\n\n\n\n\n\n<iframe loading=\"lazy\" src=\"https:\/\/drive.google.com\/file\/d\/1snYmsd8O1-bQseYhFCaUasCbjl3_8nFS\/preview\" width=\"640\" height=\"480\"><\/iframe>\n\n\n\n\n\n\n<iframe loading=\"lazy\" src=\"https:\/\/drive.google.com\/file\/d\/1PloCsSRs1dSPqGwtP8ecS9opYyX6kqQZ\/preview\" width=\"640\" height=\"480\"><\/iframe>\n\n\n\n\n\n\n\n\n\n\n","protected":false},"excerpt":{"rendered":"","protected":false},"author":5,"featured_media":0,"parent":0,"menu_order":0,"comment_status":"closed","ping_status":"closed","template":"","meta":{"pagelayer_contact_templates":[],"_pagelayer_content":"","_joinchat":[],"footnotes":""},"class_list":["post-4428","page","type-page","status-publish","hentry"],"_links":{"self":[{"href":"https:\/\/municiudadvieja.gob.gt\/laip\/wp-json\/wp\/v2\/pages\/4428"}],"collection":[{"href":"https:\/\/municiudadvieja.gob.gt\/laip\/wp-json\/wp\/v2\/pages"}],"about":[{"href":"https:\/\/municiudadvieja.gob.gt\/laip\/wp-json\/wp\/v2\/types\/page"}],"author":[{"embeddable":true,"href":"https:\/\/municiudadvieja.gob.gt\/laip\/wp-json\/wp\/v2\/users\/5"}],"replies":[{"embeddable":true,"href":"https:\/\/municiudadvieja.gob.gt\/laip\/wp-json\/wp\/v2\/comments?post=4428"}],"version-history":[{"count":8,"href":"https:\/\/municiudadvieja.gob.gt\/laip\/wp-json\/wp\/v2\/pages\/4428\/revisions"}],"predecessor-version":[{"id":4576,"href":"https:\/\/municiudadvieja.gob.gt\/laip\/wp-json\/wp\/v2\/pages\/4428\/revisions\/4576"}],"wp:attachment":[{"href":"https:\/\/municiudadvieja.gob.gt\/laip\/wp-json\/wp\/v2\/media?parent=4428"}],"curies":[{"name":"wp","href":"https:\/\/api.w.org\/{rel}","templated":true}]}}

28. PERTENENCIA SOCIO LINGÜÍSTICA COMUDE

<h1 style="text-align: center; background-color: rgb(80, 83, 188);"><span style="font-weight: bolder; color: rgb(255, 255, 255);">INFORMACIÓN PÚBLICA COMUDE CIUDAD VIEJA, SACATEPÉQUEZ</span></h1>




<h2 style="color: rgb(255, 255, 255);">Pertenencia Sociolingüística&nbsp;</h2>












<iframe loading="lazy" src="https://drive.google.com/file/d/1YkRKVh80S_1U6put3PIv9x6vZBW1rQwZ/preview" width="640" height="480"></iframe>






<iframe loading="lazy" src="https://drive.google.com/file/d/1URqvVLSDqr6zhcvZxVz4zsruZhBFmUtm/preview" width="640" height="480"></iframe>














<iframe loading="lazy" src="https://drive.google.com/file/d/1z5KI7L7hIj-3lhxjj1clEDuIEKMLrGd3/preview" width="640" height="480" allow="autoplay"></iframe>






<iframe loading="lazy" src="https://drive.google.com/file/d/15o4zDdBEF_vUttRUHdaPzyrRl9s-89v9/preview" width="640" height="480" allow="autoplay"></iframe>






<iframe loading="lazy" src="https://drive.google.com/file/d/1snYmsd8O1-bQseYhFCaUasCbjl3_8nFS/preview" width="640" height="480"></iframe>






<iframe loading="lazy" src="https://drive.google.com/file/d/1PloCsSRs1dSPqGwtP8ecS9opYyX6kqQZ/preview" width="640" height="480"></iframe>
