{"id":4425,"date":"2025-11-04T15:07:05","date_gmt":"2025-11-04T21:07:05","guid":{"rendered":"https:\/\/municiudadvieja.gob.gt\/laip\/?page_id=4425"},"modified":"2026-02-13T13:27:52","modified_gmt":"2026-02-13T19:27:52","slug":"5-mision-vision-objetivos-poa-comude","status":"publish","type":"page","link":"https:\/\/municiudadvieja.gob.gt\/laip\/5-mision-vision-objetivos-poa-comude\/","title":{"rendered":"5. MISI\u00d3N, VISI\u00d3N, OBJETIVOS POA COMUDE"},"content":{"rendered":"\n\n\n<h1 style=\"text-align: center; background-color: rgb(80, 83, 188);\"><span style=\"font-weight: bolder; color: rgb(255, 255, 255);\">INFORMACI\u00d3N P\u00daBLICA COMUDE CIUDAD VIEJA, SACATEP\u00c9QUEZ<\/span><\/h1>\n\n\n\n\n<h2><span style=\"color: rgb(255, 255, 255);\">Misi\u00f3n, Visi\u00f3n y POA<\/span><\/h2>\n\n\n\n\n\n\n\n\n\n\n\n\n\n<iframe loading=\"lazy\" src=\"https:\/\/drive.google.com\/file\/d\/1BQpgbvl0ICXb78cUar6w2I8iYnR9mjgx\/preview\" width=\"640\" height=\"480\" allow=\"autoplay\"><\/iframe>\n<iframe loading=\"lazy\" src=\"https:\/\/drive.google.com\/file\/d\/1KfewrzIyglHqSVECLd22c60kEXiS88nY\/preview\" width=\"640\" height=\"480\"><\/iframe>\n\n\n\n\n\n\n\n<iframe loading=\"lazy\" src=\"https:\/\/drive.google.com\/file\/d\/1_OAY1MimDp0n6pvTwJ7dGgYMzzrtXW8z\/preview\" width=\"640\" height=\"480\" allow=\"autoplay\"><\/iframe>\n\n\n\n\n\n\n\n<iframe loading=\"lazy\" src=\"https:\/\/drive.google.com\/file\/d\/13hbBUhKOrcf5DvEJZhOjij5iFtSUcBje\/preview\" width=\"640\" height=\"480\" allow=\"autoplay\"><\/iframe>\n\n\n\n\n\n\n\n\n\n\n\n\n\n\n\n\n\n\n<iframe loading=\"lazy\" src=\"https:\/\/drive.google.com\/file\/d\/1BQpgbvl0ICXb78cUar6w2I8iYnR9mjgx\/preview\" width=\"640\" height=\"480\" allow=\"autoplay\"><\/iframe>\n\n\n\n\n\n\n\n<iframe loading=\"lazy\" src=\"https:\/\/drive.google.com\/file\/d\/1_OAY1MimDp0n6pvTwJ7dGgYMzzrtXW8z\/preview\" width=\"640\" height=\"480\" allow=\"autoplay\"><\/iframe>\n\n\n\n\n\n\n\n<iframe loading=\"lazy\" src=\"https:\/\/drive.google.com\/file\/d\/13hbBUhKOrcf5DvEJZhOjij5iFtSUcBje\/preview\" width=\"640\" height=\"480\" allow=\"autoplay\"><\/iframe>\n\n\n\n\n\n\n\n\n\n\n\n\n\n","protected":false},"excerpt":{"rendered":"","protected":false},"author":5,"featured_media":0,"parent":0,"menu_order":0,"comment_status":"closed","ping_status":"closed","template":"","meta":{"pagelayer_contact_templates":[],"_pagelayer_content":"","_joinchat":[],"footnotes":""},"class_list":["post-4425","page","type-page","status-publish","hentry"],"_links":{"self":[{"href":"https:\/\/municiudadvieja.gob.gt\/laip\/wp-json\/wp\/v2\/pages\/4425"}],"collection":[{"href":"https:\/\/municiudadvieja.gob.gt\/laip\/wp-json\/wp\/v2\/pages"}],"about":[{"href":"https:\/\/municiudadvieja.gob.gt\/laip\/wp-json\/wp\/v2\/types\/page"}],"author":[{"embeddable":true,"href":"https:\/\/municiudadvieja.gob.gt\/laip\/wp-json\/wp\/v2\/users\/5"}],"replies":[{"embeddable":true,"href":"https:\/\/municiudadvieja.gob.gt\/laip\/wp-json\/wp\/v2\/comments?post=4425"}],"version-history":[{"count":7,"href":"https:\/\/municiudadvieja.gob.gt\/laip\/wp-json\/wp\/v2\/pages\/4425\/revisions"}],"predecessor-version":[{"id":4541,"href":"https:\/\/municiudadvieja.gob.gt\/laip\/wp-json\/wp\/v2\/pages\/4425\/revisions\/4541"}],"wp:attachment":[{"href":"https:\/\/municiudadvieja.gob.gt\/laip\/wp-json\/wp\/v2\/media?parent=4425"}],"curies":[{"name":"wp","href":"https:\/\/api.w.org\/{rel}","templated":true}]}}