{"id":4414,"date":"2025-11-04T15:06:15","date_gmt":"2025-11-04T21:06:15","guid":{"rendered":"https:\/\/municiudadvieja.gob.gt\/laip\/?page_id=4414"},"modified":"2026-03-02T11:20:06","modified_gmt":"2026-03-02T17:20:06","slug":"2-direcciones-y-numeros-de-telefono-comude","status":"publish","type":"page","link":"https:\/\/municiudadvieja.gob.gt\/laip\/2-direcciones-y-numeros-de-telefono-comude\/","title":{"rendered":"2. Direcciones y N\u00fameros de tel\u00e9fono COMUDE"},"content":{"rendered":"\n\n\n<h1 style=\"text-align: center;\"><span style=\"font-weight: bolder; color: rgb(255, 255, 255);\">INFORMACI\u00d3N P\u00daBLICA COMUDE CIUDAD VIEJA, SACATEP\u00c9QUEZ<\/span><\/h1>\n\n\n\n\n<h2 style=\"color: rgb(255, 255, 255);\">DIRECTORIO DE LA ENTIDAD<\/h2>\n\n\n\n\n\n\n\n\n\n\n\n\n<iframe loading=\"lazy\" src=\"https:\/\/drive.google.com\/file\/d\/1dcSVFWZ8CcGOFS3L9eJgbQ32pH9Lvg8W\/preview\" width=\"640\" height=\"480\"><\/iframe>\n\n\n\n\n\n\n<iframe loading=\"lazy\" src=\"https:\/\/drive.google.com\/file\/d\/1FrE1NUW-n6Om7gUxxa5BQWigeW5_777v\/preview\" width=\"640\" height=\"480\"><\/iframe>\n\n\n\n\n\n\n\n\n\n\n\n\n\n\n<iframe loading=\"lazy\" src=\"https:\/\/drive.google.com\/file\/d\/1OUqz0smGmZFVA8L2WCzjLc86rpeNEqvn\/preview\" width=\"640\" height=\"480\" allow=\"autoplay\"><\/iframe>\n\n\n\n\n\n\n<iframe loading=\"lazy\" src=\"https:\/\/drive.google.com\/file\/d\/17QhDkzwc4UqIqz9W5l6YiGKP7hpbAh_9\/preview\" width=\"640\" height=\"480\" allow=\"autoplay\"><\/iframe>\n\n\n\n\n\n\n<iframe loading=\"lazy\" src=\"https:\/\/drive.google.com\/file\/d\/1W-09Mq7xC8Yf30y7c2CcqXeEbjaZbEUX\/preview\" width=\"640\" height=\"480\"><\/iframe>\n\n\n\n\n\n\n<iframe loading=\"lazy\" src=\"https:\/\/drive.google.com\/file\/d\/1ekDCP9dgoWUN827HqxVcBY2lwnHA6C-L\/preview\" width=\"640\" height=\"480\"><\/iframe>\n\n\n\n\n\n\n\n\n\n\n","protected":false},"excerpt":{"rendered":"","protected":false},"author":5,"featured_media":0,"parent":0,"menu_order":0,"comment_status":"closed","ping_status":"closed","template":"","meta":{"pagelayer_contact_templates":[],"_pagelayer_content":"","_joinchat":[],"footnotes":""},"class_list":["post-4414","page","type-page","status-publish","hentry"],"_links":{"self":[{"href":"https:\/\/municiudadvieja.gob.gt\/laip\/wp-json\/wp\/v2\/pages\/4414"}],"collection":[{"href":"https:\/\/municiudadvieja.gob.gt\/laip\/wp-json\/wp\/v2\/pages"}],"about":[{"href":"https:\/\/municiudadvieja.gob.gt\/laip\/wp-json\/wp\/v2\/types\/page"}],"author":[{"embeddable":true,"href":"https:\/\/municiudadvieja.gob.gt\/laip\/wp-json\/wp\/v2\/users\/5"}],"replies":[{"embeddable":true,"href":"https:\/\/municiudadvieja.gob.gt\/laip\/wp-json\/wp\/v2\/comments?post=4414"}],"version-history":[{"count":10,"href":"https:\/\/municiudadvieja.gob.gt\/laip\/wp-json\/wp\/v2\/pages\/4414\/revisions"}],"predecessor-version":[{"id":4573,"href":"https:\/\/municiudadvieja.gob.gt\/laip\/wp-json\/wp\/v2\/pages\/4414\/revisions\/4573"}],"wp:attachment":[{"href":"https:\/\/municiudadvieja.gob.gt\/laip\/wp-json\/wp\/v2\/media?parent=4414"}],"curies":[{"name":"wp","href":"https:\/\/api.w.org\/{rel}","templated":true}]}}